89
List the prime factors of 31486.
2, 7, 13, 173
What are the prime factors of 69956?
2, 17489
What are the prime factors of 6708?
2, 3, 13, 43
What are the prime factors of 982?
2, 491
List the prime factors of 1008.
2, 3, 7
What are the prime factors of 11777?
11777
What are the prime factors of 2556?
2, 3, 71
What are the prime factors of 6143?
6143
What are the prime factors of 4314?
2, 3, 719
What are the prime factors of 18539?
18539
What are the prime factors of 10735?
5, 19, 113
What are the prime factors of 7747?
61, 127
List the prime factors of 9405.
3, 5, 11, 19
What are the prime factors of 62044?
2, 15511
List the prime factors of 21672.
2, 3, 7, 43
List the prime factors of 15520.
2, 5, 97
List the prime factors of 1043.
7, 149
List the prime factors of 1638.
2, 3, 7, 13
What are the prime factors of 2045?
5, 409
List the prime factors of 661.
661
What are the prime factors of 480?
2, 3, 5
List the prime factors of 46.
2, 23
List the prime factors of 1849.
43
List the prime factors of 49272.
2, 3, 2053
What are the prime factors of 229?
229
What are the prime factors of 13612?
2, 41, 83
What are the prime factors of 2167?
11, 197
List the prime factors of 26853.
3, 8951
What are the prime factors of 1599?
3, 13, 41
List the prime factors of 6935.
5, 19, 73
List the prime factors of 8146.
2, 4073
What are the prime factors of 19115?
5, 3823
What are the prime factors of 3572?
2, 19, 47
What are the prime factors of 465?
3, 5, 31
List the prime factors of 1014.
2, 3, 13
What are the prime factors of 2244?
2, 3, 11, 17
List the prime factors of 131485.
5, 26297
What are the prime factors of 917?
7, 131
List the prime factors of 6558.
2, 3, 1093
List the prime factors of 9043.
9043
What are the prime factors of 1180?
2, 5, 59
What are the prime factors of 6627?
3, 47
List the prime factors of 148268.
2, 101, 367
What are the prime factors of 1110?
2, 3, 5, 37
List the prime factors of 1414.
2, 7, 101
List the prime factors of 3972.
2, 3, 331
What are the prime factors of 9638?
2, 61, 79
List the prime factors of 108206.
2, 7, 59, 131
What are the prime factors of 6597?
3, 733
What are the prime factors of 7767?
3, 863
What are the prime factors of 5236?
2, 7, 11, 17
List the prime factors of 4176.
2, 3, 29
What are the prime factors of 43964?
2, 29, 379
List the prime factors of 63352.
2, 7919
What are the prime factors of 1575?
3, 5, 7
List the prime factors of 2719.
2719
What are the prime factors of 20?
2, 5
What are the prime factors of 17459?
13, 17, 79
What are the prime factors of 531?
3, 59
What are the prime factors of 160?
2, 5
What are the prime factors of 1604?
2, 401
What are the prime factors of 17847?
3, 661
List the prime factors of 18760.
2, 5, 7, 67
What are the prime factors of 4727?
29, 163
List the prime factors of 15100.
2, 5, 151
List the prime factors of 21440.
2, 5, 67
List the prime factors of 695.
5, 139
What are the prime factors of 39452?
2, 7, 1409
List the prime factors of 23970.
2, 3, 5, 17, 47
What are the prime factors of 19848?
2, 3, 827
List the prime factors of 31632.
2, 3, 659
What are the prime factors of 536?
2, 67
What are the prime factors of 59575?
5, 2383
List the prime factors of 935.
5, 11, 17
What are the prime factors of 721?
7, 103
List the prime factors of 75520.
2, 5, 59
List the prime factors of 993.
3, 331
What are the prime factors of 9933?
3, 7, 11, 43
What are the prime factors of 14881?
23, 647
What are the prime factors of 241?
241
List the prime factors of 38373.
3, 12791
List the prime factors of 5747.
7, 821
What are the prime factors of 336?
2, 3, 7
List the prime factors of 98564.
2, 41, 601
What are the prime factors of 1052?
2, 263
What are the prime factors of 13483?
97, 139
List the prime factors of 635.
5, 127
What are the prime factors of 4809?
3, 7, 229
List the prime factors of 84.
2, 3, 7
List the prime factors of 10030.
2, 5, 17, 59
List the prime factors of 19417.
19417
List the prime factors of 3091.
11, 281
List the prime factors of 5137.
11, 467
What are the prime factors of 5412?
2, 3, 11, 41
List the prime factors of 47892.
2, 3, 13, 307
List the prime factors of 84123.
3, 13, 719
List the prime factors of 1240.
2, 5, 31
What are the prime factors of 45?
3, 5
List the prime factors of 10295.
5, 29, 71
What are the prime factors of 4271?
4271
What are the prime factors of 19028?
2, 67, 71
What are the prime factors of 2293?
2293
What are the prime factors of 7619?
19, 401
What are the prime factors of 3166?
2, 1583
What are the prime factors of 6201?
3, 13, 53
What are the prime factors of 63516?
2, 3, 67, 79
What are the prime factors of 785?
5, 157
List the prime factors of 149334.
2, 3, 24889
What are the prime factors of 1774?
2, 887
List the prime factors of 41397.
3, 13799
What are the prime factors of 9128?
2, 7, 163
What are the prime factors of 74571?
3, 7, 53, 67
What are the prime factors of 327?
3, 109
What are the prime factors of 11263?
7, 1609
List the prime factors of 327.
3, 109
List the prime factors of 711.
3, 79
List the prime factors of 12043.
12043
What are the prime factors of 2365?
5, 11, 43
What are the prime factors of 3209?
3209
What are the prime factors of 19893?
3, 19, 349
What are the prime factors of 29360?
2, 5, 367
What are the prime factors of 59814?
2, 3, 3323
What are the prime factors of 18032?
2, 7, 23
List the prime factors of 25458.
2, 3, 4243
List the prime factors of 12796.
2, 7, 457
What are the prime factors of 71462?
2, 35731
What are the prime factors of 126688?
2, 37, 107
What are the prime factors of 12966?
2, 3, 2161
List the prime factors of 20658.
2, 3, 11, 313
List the prime factors of 9297.
3, 1033
List the prime factors of 878.
2, 439
What are the prime factors of 1674?
2, 3, 31
List the prime factors of 4044.
2, 3, 337
List the prime factors of 948.
2, 3, 79
What are the prime factors of 49754?
2, 24877
What are the prime factors of 22414?
2, 7, 1601
What are the prime factors of 8148?
2, 3, 7, 97
List the prime factors of 15873.
3, 11, 13, 37
List the prime factors of 13431.
3, 11, 37
What are the prime factors of 95178?
2, 3, 29, 547
List the prime factors of 202.
2, 101
What are the prime factors of 854?
2, 7, 61
What are the prime factors of 18545?
5, 3709
What are the prime factors of 81384?
2, 3, 3391
List the prime factors of 5405.
5, 23, 47
What are the prime factors of 19924?
2, 17, 293
What are the prime factors of 26083?
26083
What are the prime factors of 38366?
2, 19183
What are the prime factors of 68?
2, 17
List the prime factors of 2553.
3, 23, 37
What are the prime factors of 37707?
3, 12569
What are the prime factors of 7525?
5, 7, 43
What are the prime factors of 9132?
2, 3, 761
What are the prime factors of 4738?
2, 23, 103
What are the prime factors of 315?
3, 5, 7
What are the prime factors of 12948?
2, 3, 13, 83
List the prime factors of 124432.
2, 7, 11, 101
List the prime factors of 16530.
2, 3, 5, 19, 29
What are the prime factors of 107438?
2, 53719
What are the prime factors of 669?
3, 223
List the prime factors of 4634.
2, 7, 331
What are the prime factors of 3430?
2, 5, 7
List the prime factors of 6714.
2, 3, 373
What are the prime factors of 223?
223
List the prime factors of 626.
2, 313
What are the prime factors of 846?
2, 3, 47
What are the prime factors of 4237?
19, 223
What are the prime factors of 6193?
11, 563
List the prime factors of 550.
2, 5, 11
What are the prime factors of 52657?
11, 4787
What are the prime factors of 8034?
2, 3, 13, 103
What are the prime factors of 44157?
3, 41, 359
What are the prime factors of 160388?
2, 101, 397
What are the prime factors of 3741?
3, 29, 43
List the prime factors of 13779.
3, 1531
List the prime factors of 862.
2, 431
List the prime factors of 803.
11, 73
What are the prime factors of 22088?
2, 11, 251
What are the prime factors of 674?
2, 337
What are the prime factors of 29467?
79, 373
List the prime factors of 11815.
5, 17, 139
List the prime factors of 956.
2, 239
List the prime factors of 8258.
2, 4129
List the prime factors of 436.
2, 109
List the prime factors of 122840.
2, 5, 37, 83
What are the prime factors of 25742?
2, 61, 211
What are the prime factors of 28455?
3, 5, 7, 271
What are the prime factors 